5)/(-6)). Suppose n*r + 3*g = 2*g + 338, -4*r = 3*g - 342. What is the greatest common divisor of 60 and r?
12
Let i = 7705 + -7012. Calculate the highest common factor of 315 and i.
63
Let x = -16378 - -17269. Calculate the greatest common factor of x and 275.
11
Let c be (-168 - (3 - 3)) + (-6 - -6). Let o = 181 + c. What is the highest common factor of o and 143?
13
Suppose 0 = -2*g - 2*d + 40, d = -0 - 1. Suppose -3*l = 3*w - 807, -l + 5*w + 566 = l. What is the greatest common divisor of g and l?
21
Suppose -5*l + 2282 + 2368 = 0. Let v be 51/(-119) + l/14. What is the greatest common factor of v and 429?
33
Suppose -9*o + 10 = -8*o. Suppose -n - 2*x = -16, 2*n - 219*x - 12 = -218*x. Calculate the highest common factor of n and o.
2
Suppose w + 2*o = 8, w - o - 9 + 1 = 0. Let j be 0/4 + (w - 0). Let n = j + 16. What is the greatest common factor of n and 60?
12
Let j = 37 - 22. Let p be (-400)/(-300)*(10/4 + -1). Suppose 4 = p*b + 6, b = a - 76. What is the greatest common divisor of j and a?
15
Let b be (36/45)/(-2*4/(-5059 + -1)). Calculate the greatest common divisor of 55 and b.
11
Let p = -10729 - -10839. What is the highest common factor of p and 64?
2
Let q = -50 - -90. Suppose -4*d + 287 + 89 + 104 = 0. Calculate the highest common divisor of q and d.
40
Let k(h) be the third derivative of 17*h**4/24 + 112*h**3/3 + 8*h**2 - 7*h. Let f be k(17). What is the greatest common divisor of 54 and f?
27
Let u(t) = 200*t - 1. Let d be u(2). Suppose -5*l = 216 + d. Let f = 139 + l. Calculate the greatest common factor of 144 and f.
16
Let w be 1248/80 + 2/5. Suppose -20*v + w = -16*v. Suppose -y + v*y + 4*i = 144, 0 = -4*y - 4*i + 188. Calculate the greatest common divisor of y and 4.
4
Suppose 0 = 38*j + 14432 + 5936. Let o = -493 - j. Calculate the greatest common divisor of o and 989.
43
Let c(y) = y**2 + 5*y + 55. Suppose 57*q = 48*q - 135. Let a be c(q). What is the highest common factor of 41 and a?
41
Suppose 0 = 3*s - 5*s + 28. Suppose 6*k = -162 + 894. Let h = -10 + k. What is the highest common factor of s and h?
14
Let j be 5*600/(16 - 1). Let r(l) = l**2 - 2*l. Let k be r(-2). What is the highest common divisor of j and k?
8
Let q = 117 - 39. Let y = q + 192. Suppose -6*o = -o - y. Calculate the highest common divisor of o and 6.
6
Let q be (-15)/(1320/22) + 655778/8. What is the highest common divisor of q and 12?
12
Suppose 0 = -5*t + 6*t - 152. Let z = 341 + -303. What is the greatest common divisor of t and z?
38
Suppose 2*j + 258 + 208 = 0. Let k = j + 335. What is the highest common factor of k and 1071?
51
Let r(u) be the first derivative of 2*u**3/3 + 13*u**2/2 + 3*u + 12. Let p be r(-7). Let m be -63*(-1)/(15/p). What is the highest common divisor of 63 and m?
21
Let b be (-12)/(-27) - 2240/(-144). Suppose -429*f + 421*f = -b. Calculate the greatest common factor of f and 1.
1
Let r = -10103 + 10584. Calculate the greatest common factor of 1221 and r.
37
Let a(m) = 7*m**2 - 189*m - 2982. Let z be a(-15). What is the greatest common factor of 2184 and z?
84
Suppose -18*r = -6969 - 609. Let t = r - 379. What is the highest common divisor of t and 672?
42
Suppose -147*l - 5*h = -143*l - 1651, 2*h = l - 390. Calculate the highest common factor of l and 3838.
202
Let b = 82 + -72. Suppose r = 4*a - b, -2*r + 0*a + 2*a - 8 = 0. Let t be r*118/(-4) - 30/15. Calculate the greatest common divisor of t and 38.
19
Let p(s) = 23*s + 678. Let i be p(-28). Calculate the highest common factor of i and 2533.
17
Let b = -877 + 872. Let r be (-726)/b + (-87)/435. What is the highest common factor of 5 and r?
5
Suppose -6*i - 280 = -10*i. Suppose 2*r = 12*f - 14*f + 32, 5*f + r - 72 = 0. Calculate the greatest common factor of i and f.
14
Let k = -226 - -401. Let w(t) = -t**3 + 51*t**2 - 144*t + 25. Let h be w(48). Calculate the greatest common factor of k and h.
25
Suppose -5*f - 5*z = -9 - 6, -3*z = -3. Suppose 26 = f*u + 39*n - 41*n, 0 = -u - 5*n + 37. What is the greatest common divisor of u and 17?
17
Suppose -3*b + 14200 = 2*v, -28 = 4*v - 0. Calculate the greatest common factor of 46 and b.
46
Let w(a) be the first derivative of -63*a**2 - 324*a - 279. Let n be w(-6). What is the greatest common divisor of n and 48?
48
Let p = 401 + -331. Suppose p = z + 4*c, -4*z + 4*c = 6*c - 266. Calculate the highest common factor of 88 and z.
22
Let y = -934 + 948. Calculate the greatest common divisor of y and 931.
7
Let j(a) = 4*a**3 + 11*a**2 + 8*a + 1. Let g be j(-4). Let n = g + 193. Calculate the highest common factor of n and 205.
41
Let x(j) = -j**2 + 79*j + 2028. Let y be x(99). Calculate the greatest common factor of 69 and y.
3
Let q be 37*(-9)/(-3) - -1. Let k(w) = -w**3 - 418*w**2 - 3687*w - 6. Let c be k(-9). Calculate the highest common factor of c and q.
16
Let t(q) = q**3 + 2*q**2 + q - 1. Suppose 11*j + 97 = 119. Let z be t(j). Calculate the greatest common divisor of 408 and z.
17
Let x(w) = w**2 - 5*w + 2. Let s be x(5). Let t = -1 + s. Let o be (40/(-100))/(2/(-10)). Calculate the highest common divisor of t and o.
1
Let t = 27 - 24. Suppose -5*y + 245 = 5*n, 5*y - 143 = t*n + 102. Suppose -5*r + 478 = -4*c, 8 = 3*c - 1. What is the highest common divisor of r and y?
49
Suppose 3*g = 2*z + 267 - 37, -3*g - z + 227 = 0. Let s(b) = -4*b**2 - 2*b - 1. Let v be s(3). Let m = -24 - v. What is the highest common divisor of g and m?
19
Suppose -192*u + 8448 = -60*u. Calculate the greatest common divisor of u and 2912.
32
Let r(c) = -c**3 - 4*c**2 + 21*c + 106. Let i be r(-3). What is the highest common factor of i and 9741?
17
Suppose 2*w = 4214 + 4006. Suppose -11 = 5*c - 21, 5*c - w = -2*x. Calculate the greatest common factor of 50 and x.
50
Let t(q) = -89*q**3 - 3*q**2 + 7*q + 7. Let i be t(-2). Calculate the highest common divisor of 1701 and i.
63
Let f = 152 + -116. Suppose -f - 28 = -8*u. What is the greatest common divisor of 104 and u?
8
Let c(z) = 2*z**2 + 5*z. Let n be c(-4). Suppose -2*r = 18 - n. Let u(p) = -2*p. Let m be u(r). Calculate the greatest common divisor of 30 and m.
6
Let f be 4*-1 + 4 + 2/(-1). Let w be (-21)/(-1) + 2*(-3)/f. Let h = -16 + 22. Calculate the greatest common factor of h and w.
6
Let h(n) = -14*n + 380. Let l be h(0). Suppose 5*y + 5*w = 935, l = 3*y - y + 4*w. Calculate the greatest common factor of 8 and y.
8
Let a = 32 + -29. Suppose d = a, 2*s + d = -0*d + 165. Let g(i) = 3*i**2 + i - 1. Let b be g(-2). What is the greatest common factor of b and s?
9
Let c(y) = -49 - 6*y + 170*y**2 - 47 + 143 - 40. Let k be c(1). Calculate the greatest common factor of k and 38.
19
Let m = 1265 - 1258. Let b = -173 + 390. What is the greatest common divisor of m and b?
7
Let w = -4607 + 4611. What is the greatest common factor of 157 and w?
1
Let q(f) = f**3 - f**2 - f + 60. Let d be q(0). Let g be (-11)/(-22)*d*3. What is the highest common divisor of 30 and g?
30
Let w be (81/(-36))/(10/(-880)). What is the highest common factor of 22 and w?
22
Let y = -34 - -35. Let x be 109*y + ((-7)/1 - -10). Let a = -102 + x. What is the greatest common factor of a and 25?
5
Let p(s) = 15*s**2 - 7*s - 19. Let y be p(5). Let r = -297 + y. What is the greatest common factor of 108 and r?
12
Suppose -22*r + 21*r - 56 = -4*j, 0 = -3*r. Let k(i) = -i**3 + 9*i**2 + 12*i - 6. Let f be k(8). Calculate the greatest common divisor of f and j.
14
Suppose 3*x + 47 - 455 = 0. Suppose -y + 16 = 437*l - 439*l, 0 = 2*y - 2*l - 50. Calculate the greatest common factor of x and y.
34
Let i be ((-7)/(-28))/((11/8)/11) - -7. Calculate the greatest common factor of 7569 and i.
9
Suppose -2*n = -42 + 32, 0 = -3*s - 5*n + 214. What is the greatest common divisor of s and 357?
21
Suppose 16 = 2*t - 4*t. Let b = t + 34. Let q = b - 7. Calculate the greatest common factor of 171 and q.
19
Let q(o) = 3*o**3 - 6*o**2 + 21*o - 7. Suppose -3*t = -t - 12. Let s be q(t). What is the greatest common divisor of s and 19?
19
Let m(n) = n**3 - 106*n + 108. Let l be m(12). Calculate the greatest common divisor of 132 and l.
12
Let m(i) = 5*i**2 - 91*i + 442. Let u be m(5). Calculate the highest common divisor of u and 2142.
14
Let m be -1 - -69 - (-1 - 1). Suppose -68*w + m*w - 136 = 0. What is the highest common factor of w and 170?
34
Let v 